{"id":2685,"date":"2022-08-28T14:59:37","date_gmt":"2022-08-28T14:59:37","guid":{"rendered":"https:\/\/heraultbasketball.fr\/?page_id=2685"},"modified":"2026-02-18T10:28:36","modified_gmt":"2026-02-18T10:28:36","slug":"baby-ballers-u7","status":"publish","type":"page","link":"https:\/\/heraultbasketball.fr\/index.php\/baby-ballers-u7\/","title":{"rendered":"Baby Ballers U7"},"content":{"rendered":"\t\t<div data-elementor-type=\"wp-page\" data-elementor-id=\"2685\" class=\"elementor elementor-2685\" data-elementor-settings=\"{&quot;ha_cmc_init_switcher&quot;:&quot;no&quot;}\" data-elementor-post-type=\"page\">\n\t\t\t\t<div class=\"elementor-element elementor-element-48c25f8 e-flex e-con-boxed e-con e-parent\" data-id=\"48c25f8\" data-element_type=\"container\" data-e-type=\"container\" data-settings=\"{&quot;_ha_eqh_enable&quot;:false}\">\n\t\t\t\t\t<div class=\"e-con-inner\">\n\t\t\t\t<div class=\"elementor-element elementor-element-03eff32 elementor-widget elementor-widget-heading\" data-id=\"03eff32\" data-element_type=\"widget\" data-e-type=\"widget\" data-widget_type=\"heading.default\">\n\t\t\t\t\t<h2 class=\"elementor-heading-title elementor-size-default\">Les rassemblements Baby Ballers U7<\/h2>\t\t\t\t<\/div>\n\t\t\t\t<div class=\"elementor-element elementor-element-c41e4b9 elementor-widget elementor-widget-text-editor\" data-id=\"c41e4b9\" data-element_type=\"widget\" data-e-type=\"widget\" data-widget_type=\"text-editor.default\">\n\t\t\t\t\t\t\t\t\t<p><span style=\"color: #000000; font-size: 14pt;\">Le Comit\u00e9 de l\u2019H\u00e9rault de Basketball (CD34) place l\u2019\u00e9veil des plus jeunes au c\u0153ur de sa mission de d\u00e9veloppement sportif. Les rassemblements Baby Ballers U7 ne sont pas de simples entra\u00eenements, mais une v\u00e9ritable porte d\u2019entr\u00e9e dans l&rsquo;univers du sport collectif, sp\u00e9cialement con\u00e7ue pour les enfants de moins de 7 ans.<\/span><\/p>\t\t\t\t\t\t\t\t<\/div>\n\t\t\t\t<div class=\"elementor-element elementor-element-38e5567 elementor-widget elementor-widget-image\" data-id=\"38e5567\" data-element_type=\"widget\" data-e-type=\"widget\" data-widget_type=\"image.default\">\n\t\t\t\t\t\t\t\t\t\t\t\t\t\t\t<img fetchpriority=\"high\" decoding=\"async\" width=\"694\" height=\"1024\" src=\"https:\/\/heraultbasketball.fr\/wp-content\/uploads\/2026\/02\/minibasket_5-694x1024.png\" class=\"attachment-large size-large wp-image-9554\" alt=\"Logo officiel Minibasket FFBB\" srcset=\"https:\/\/heraultbasketball.fr\/wp-content\/uploads\/2026\/02\/minibasket_5-694x1024.png 694w, https:\/\/heraultbasketball.fr\/wp-content\/uploads\/2026\/02\/minibasket_5-203x300.png 203w, https:\/\/heraultbasketball.fr\/wp-content\/uploads\/2026\/02\/minibasket_5-768x1133.png 768w, https:\/\/heraultbasketball.fr\/wp-content\/uploads\/2026\/02\/minibasket_5-1041x1536.png 1041w, https:\/\/heraultbasketball.fr\/wp-content\/uploads\/2026\/02\/minibasket_5-600x885.png 600w, https:\/\/heraultbasketball.fr\/wp-content\/uploads\/2026\/02\/minibasket_5.png 1196w\" sizes=\"(max-width: 694px) 100vw, 694px\" \/>\t\t\t\t\t\t\t\t\t\t\t\t\t\t\t<\/div>\n\t\t\t\t<div class=\"elementor-element elementor-element-72a53b7 elementor-widget elementor-widget-heading\" data-id=\"72a53b7\" data-element_type=\"widget\" data-e-type=\"widget\" data-widget_type=\"heading.default\">\n\t\t\t\t\t<h2 class=\"elementor-heading-title elementor-size-default\">Une p\u00e9dagogie adapt\u00e9e aux futurs champions<\/h2>\t\t\t\t<\/div>\n\t\t\t\t<div class=\"elementor-element elementor-element-1c627b1 elementor-widget elementor-widget-text-editor\" data-id=\"1c627b1\" data-element_type=\"widget\" data-e-type=\"widget\" data-widget_type=\"text-editor.default\">\n\t\t\t\t\t\t\t\t\t<p><span style=\"color: #000000; font-size: 14pt;\">\u00c0 cet \u00e2ge, l\u2019objectif n&rsquo;est pas la comp\u00e9tition pure, mais l\u2019apprentissage par le plaisir. Nos rassemblements sont structur\u00e9s autour de plateaux ludiques o\u00f9 chaque atelier est pens\u00e9 pour solliciter la motricit\u00e9, la coordination et l&rsquo;\u00e9quilibre de l&rsquo;enfant. Sous l&rsquo;\u0153il bienveillant de nos encadrants et des techniciens des clubs h\u00e9raultais, les petits basketteurs d\u00e9couvrent comment manipuler le ballon, dribbler avec agilit\u00e9 et, enfin, viser le panier avec succ\u00e8s.<\/span><\/p>\t\t\t\t\t\t\t\t<\/div>\n\t\t\t\t<div class=\"elementor-element elementor-element-93b7591 elementor-widget-divider--view-line elementor-widget elementor-widget-divider\" data-id=\"93b7591\" data-element_type=\"widget\" data-e-type=\"widget\" data-widget_type=\"divider.default\">\n\t\t\t\t\t\t\t<div class=\"elementor-divider\">\n\t\t\t<span class=\"elementor-divider-separator\">\n\t\t\t\t\t\t<\/span>\n\t\t<\/div>\n\t\t\t\t\t\t<\/div>\n\t\t\t\t<div class=\"elementor-element elementor-element-eae49dd elementor-widget elementor-widget-heading\" data-id=\"eae49dd\" data-element_type=\"widget\" data-e-type=\"widget\" data-widget_type=\"heading.default\">\n\t\t\t\t\t<h2 class=\"elementor-heading-title elementor-size-default\">Calendrier g\u00e9n\u00e9ral<\/h2>\t\t\t\t<\/div>\n\t\t\t\t<div class=\"elementor-element elementor-element-c8c095e elementor-widget elementor-widget-image\" data-id=\"c8c095e\" data-element_type=\"widget\" data-e-type=\"widget\" data-widget_type=\"image.default\">\n\t\t\t\t\t\t\t\t\t\t\t\t\t\t\t<img decoding=\"async\" width=\"600\" height=\"750\" src=\"https:\/\/heraultbasketball.fr\/wp-content\/uploads\/2025\/10\/Copie-de-CM-U7-1080-x-1350-px-1-e1759761718225.jpg\" class=\"attachment-full size-full wp-image-7999\" alt=\"Calendrier g\u00e9n\u00e9ral Baby Baller U7\" \/>\t\t\t\t\t\t\t\t\t\t\t\t\t\t\t<\/div>\n\t\t\t\t<div class=\"elementor-element elementor-element-c3a85fb elementor-widget elementor-widget-heading\" data-id=\"c3a85fb\" data-element_type=\"widget\" data-e-type=\"widget\" data-widget_type=\"heading.default\">\n\t\t\t\t\t<h2 class=\"elementor-heading-title elementor-size-default\">Un engagement pour tout le d\u00e9partement de l'H\u00e9rault<\/h2>\t\t\t\t<\/div>\n\t\t\t\t<div class=\"elementor-element elementor-element-d4153e9 elementor-widget elementor-widget-text-editor\" data-id=\"d4153e9\" data-element_type=\"widget\" data-e-type=\"widget\" data-widget_type=\"text-editor.default\">\n\t\t\t\t\t\t\t\t\t<p data-path-to-node=\"10\"><span style=\"color: #000000; font-size: 14pt;\">Organis\u00e9s de mani\u00e8re itin\u00e9rante \u00e0 travers les gymnases et structures du d\u00e9partement, ces rassemblements permettent de dynamiser le basket local et d&rsquo;offrir une vitrine aux clubs formateurs de l&rsquo;H\u00e9rault. Que votre enfant soit d\u00e9j\u00e0 licenci\u00e9 ou qu&rsquo;il souhaite simplement d\u00e9couvrir la discipline, les \u00e9v\u00e9nements U7 sont ouverts pour favoriser la mixit\u00e9 et l&rsquo;inclusion sociale par le sport.<\/span><\/p><p data-path-to-node=\"11\"><span style=\"color: #000000; font-size: 14pt;\">En participant aux Baby Ballers, votre enfant int\u00e8gre la grande famille du basketball h\u00e9raultais. Nous mettons tout en \u0153uvre pour que ses premiers pas sur le parquet soient synonymes de sourires, de progr\u00e8s et d&rsquo;une passion naissante qui, nous l&rsquo;esp\u00e9rons, l&rsquo;accompagnera durant de nombreuses ann\u00e9es au sein de nos championnats d\u00e9partementaux.<\/span><\/p>\t\t\t\t\t\t\t\t<\/div>\n\t\t\t\t<div class=\"elementor-element elementor-element-6588cf0 elementor-widget-divider--view-line elementor-widget elementor-widget-divider\" data-id=\"6588cf0\" data-element_type=\"widget\" data-e-type=\"widget\" data-widget_type=\"divider.default\">\n\t\t\t\t\t\t\t<div class=\"elementor-divider\">\n\t\t\t<span class=\"elementor-divider-separator\">\n\t\t\t\t\t\t<\/span>\n\t\t<\/div>\n\t\t\t\t\t\t<\/div>\n\t\t\t\t<div class=\"elementor-element elementor-element-7ecc64a elementor-widget elementor-widget-heading\" data-id=\"7ecc64a\" data-element_type=\"widget\" data-e-type=\"widget\" data-widget_type=\"heading.default\">\n\t\t\t\t\t<h2 class=\"elementor-heading-title elementor-size-default\">Engagement en formule U7<\/h2>\t\t\t\t<\/div>\n\t\t\t\t\t<\/div>\n\t\t\t\t<\/div>\n\t\t<div class=\"elementor-element elementor-element-4d935b3 e-flex e-con-boxed e-con e-parent\" data-id=\"4d935b3\" data-element_type=\"container\" data-e-type=\"container\" data-settings=\"{&quot;_ha_eqh_enable&quot;:false}\">\n\t\t\t\t\t<div class=\"e-con-inner\">\n\t\t\t\t<div class=\"elementor-element elementor-element-a5f6824 elementor-widget elementor-widget-shortcode\" data-id=\"a5f6824\" data-element_type=\"widget\" data-e-type=\"widget\" data-widget_type=\"shortcode.default\">\n\t\t\t\t\t\t\t<div class=\"elementor-shortcode\"><iframe src=\"https:\/\/docs.google.com\/forms\/d\/e\/1FAIpQLSdr3QDUp1DSOFu66FREcBB1i4IQ9fiTbvSKZ_8JAVbS9N3Rkg\/viewform?embedded=true\" width=\"640\" height=\"1280\" frameborder=\"0\" marginheight=\"0\" marginwidth=\"0\">Chargement\u2026<\/iframe><\/div>\n\t\t\t\t\t\t<\/div>\n\t\t\t\t\t<\/div>\n\t\t\t\t<\/div>\n\t\t\t\t<\/div>\n\t\t","protected":false},"excerpt":{"rendered":"<p>Les rassemblements Baby Ballers U7 Le Comit\u00e9 de l\u2019H\u00e9rault de Basketball (CD34) place l\u2019\u00e9veil des plus jeunes au c\u0153ur de sa mission de d\u00e9veloppement sportif. Les rassemblements Baby Ballers U7 [&hellip;]<\/p>\n","protected":false},"author":1,"featured_media":0,"parent":0,"menu_order":0,"comment_status":"closed","ping_status":"closed","template":"elementor_header_footer","meta":{"footnotes":""},"class_list":["post-2685","page","type-page","status-publish","hentry"],"yoast_head":"<!-- This site is optimized with the Yoast SEO plugin v27.5 - https:\/\/yoast.com\/product\/yoast-seo-wordpress\/ -->\n<title>Baby Baller U7 : \u00c9veil et Basket dans l&#039;H\u00e9rault | Comit\u00e9 CD34<\/title>\n<meta name=\"description\" content=\"D\u00e9couvrez les Baby Baller U7 dans l&#039;H\u00e9rault : \u00e9veil, jeu en \u00e9quipe et initiation ludique au basketball pour les plus jeunes avec le CD34.\" \/>\n<meta name=\"robots\" content=\"index, follow, max-snippet:-1, max-image-preview:large, max-video-preview:-1\" \/>\n<link rel=\"canonical\" href=\"https:\/\/heraultbasketball.fr\/index.php\/baby-ballers-u7\/\" \/>\n<meta property=\"og:locale\" content=\"fr_FR\" \/>\n<meta property=\"og:type\" content=\"article\" \/>\n<meta property=\"og:title\" content=\"Baby Baller U7 : \u00c9veil et Basket dans l&#039;H\u00e9rault | Comit\u00e9 CD34\" \/>\n<meta property=\"og:description\" content=\"D\u00e9couvrez les Baby Baller U7 dans l&#039;H\u00e9rault : \u00e9veil, jeu en \u00e9quipe et initiation ludique au basketball pour les plus jeunes avec le CD34.\" \/>\n<meta property=\"og:url\" content=\"https:\/\/heraultbasketball.fr\/index.php\/baby-ballers-u7\/\" \/>\n<meta property=\"og:site_name\" content=\"Comit\u00e9 de l&#039;H\u00e9rault de Basketball\" \/>\n<meta property=\"article:publisher\" content=\"https:\/\/www.facebook.com\/HeraultBasketball\" \/>\n<meta property=\"article:modified_time\" content=\"2026-02-18T10:28:36+00:00\" \/>\n<meta property=\"og:image\" content=\"https:\/\/heraultbasketball.fr\/wp-content\/uploads\/2026\/02\/minibasket_5-694x1024.png\" \/>\n<meta name=\"twitter:card\" content=\"summary_large_image\" \/>\n<meta name=\"twitter:label1\" content=\"Dur\u00e9e de lecture estim\u00e9e\" \/>\n\t<meta name=\"twitter:data1\" content=\"2 minutes\" \/>\n<script type=\"application\/ld+json\" class=\"yoast-schema-graph\">{\"@context\":\"https:\\\/\\\/schema.org\",\"@graph\":[{\"@type\":\"WebPage\",\"@id\":\"https:\\\/\\\/heraultbasketball.fr\\\/index.php\\\/baby-ballers-u7\\\/\",\"url\":\"https:\\\/\\\/heraultbasketball.fr\\\/index.php\\\/baby-ballers-u7\\\/\",\"name\":\"Baby Baller U7 : \u00c9veil et Basket dans l'H\u00e9rault | Comit\u00e9 CD34\",\"isPartOf\":{\"@id\":\"https:\\\/\\\/heraultbasketball.fr\\\/#website\"},\"primaryImageOfPage\":{\"@id\":\"https:\\\/\\\/heraultbasketball.fr\\\/index.php\\\/baby-ballers-u7\\\/#primaryimage\"},\"image\":{\"@id\":\"https:\\\/\\\/heraultbasketball.fr\\\/index.php\\\/baby-ballers-u7\\\/#primaryimage\"},\"thumbnailUrl\":\"https:\\\/\\\/heraultbasketball.fr\\\/wp-content\\\/uploads\\\/2026\\\/02\\\/minibasket_5-694x1024.png\",\"datePublished\":\"2022-08-28T14:59:37+00:00\",\"dateModified\":\"2026-02-18T10:28:36+00:00\",\"description\":\"D\u00e9couvrez les Baby Baller U7 dans l'H\u00e9rault : \u00e9veil, jeu en \u00e9quipe et initiation ludique au basketball pour les plus jeunes avec le CD34.\",\"breadcrumb\":{\"@id\":\"https:\\\/\\\/heraultbasketball.fr\\\/index.php\\\/baby-ballers-u7\\\/#breadcrumb\"},\"inLanguage\":\"fr-FR\",\"potentialAction\":[{\"@type\":\"ReadAction\",\"target\":[\"https:\\\/\\\/heraultbasketball.fr\\\/index.php\\\/baby-ballers-u7\\\/\"]}]},{\"@type\":\"ImageObject\",\"inLanguage\":\"fr-FR\",\"@id\":\"https:\\\/\\\/heraultbasketball.fr\\\/index.php\\\/baby-ballers-u7\\\/#primaryimage\",\"url\":\"https:\\\/\\\/heraultbasketball.fr\\\/wp-content\\\/uploads\\\/2026\\\/02\\\/minibasket_5.png\",\"contentUrl\":\"https:\\\/\\\/heraultbasketball.fr\\\/wp-content\\\/uploads\\\/2026\\\/02\\\/minibasket_5.png\",\"width\":1196,\"height\":1765,\"caption\":\"Logo officiel Minibasket FFBB\"},{\"@type\":\"BreadcrumbList\",\"@id\":\"https:\\\/\\\/heraultbasketball.fr\\\/index.php\\\/baby-ballers-u7\\\/#breadcrumb\",\"itemListElement\":[{\"@type\":\"ListItem\",\"position\":1,\"name\":\"Accueil\",\"item\":\"https:\\\/\\\/heraultbasketball.fr\\\/\"},{\"@type\":\"ListItem\",\"position\":2,\"name\":\"Baby Ballers U7\"}]},{\"@type\":\"WebSite\",\"@id\":\"https:\\\/\\\/heraultbasketball.fr\\\/#website\",\"url\":\"https:\\\/\\\/heraultbasketball.fr\\\/\",\"name\":\"Comit\u00e9 de l&#039;H\u00e9rault de Basketball\",\"description\":\"\",\"publisher\":{\"@id\":\"https:\\\/\\\/heraultbasketball.fr\\\/#organization\"},\"potentialAction\":[{\"@type\":\"SearchAction\",\"target\":{\"@type\":\"EntryPoint\",\"urlTemplate\":\"https:\\\/\\\/heraultbasketball.fr\\\/?s={search_term_string}\"},\"query-input\":{\"@type\":\"PropertyValueSpecification\",\"valueRequired\":true,\"valueName\":\"search_term_string\"}}],\"inLanguage\":\"fr-FR\"},{\"@type\":\"Organization\",\"@id\":\"https:\\\/\\\/heraultbasketball.fr\\\/#organization\",\"name\":\"Comit\u00e9 de l'H\u00e9rault de Basketball\",\"url\":\"https:\\\/\\\/heraultbasketball.fr\\\/\",\"logo\":{\"@type\":\"ImageObject\",\"inLanguage\":\"fr-FR\",\"@id\":\"https:\\\/\\\/heraultbasketball.fr\\\/#\\\/schema\\\/logo\\\/image\\\/\",\"url\":\"https:\\\/\\\/heraultbasketball.fr\\\/wp-content\\\/uploads\\\/2022\\\/03\\\/Charte-graphique.png\",\"contentUrl\":\"https:\\\/\\\/heraultbasketball.fr\\\/wp-content\\\/uploads\\\/2022\\\/03\\\/Charte-graphique.png\",\"width\":1414,\"height\":2000,\"caption\":\"Comit\u00e9 de l'H\u00e9rault de Basketball\"},\"image\":{\"@id\":\"https:\\\/\\\/heraultbasketball.fr\\\/#\\\/schema\\\/logo\\\/image\\\/\"},\"sameAs\":[\"https:\\\/\\\/www.facebook.com\\\/HeraultBasketball\",\"https:\\\/\\\/www.instagram.com\\\/heraultbasketball\\\/\"]}]}<\/script>\n<!-- \/ Yoast SEO plugin. -->","yoast_head_json":{"title":"Baby Baller U7 : \u00c9veil et Basket dans l'H\u00e9rault | Comit\u00e9 CD34","description":"D\u00e9couvrez les Baby Baller U7 dans l'H\u00e9rault : \u00e9veil, jeu en \u00e9quipe et initiation ludique au basketball pour les plus jeunes avec le CD34.","robots":{"index":"index","follow":"follow","max-snippet":"max-snippet:-1","max-image-preview":"max-image-preview:large","max-video-preview":"max-video-preview:-1"},"canonical":"https:\/\/heraultbasketball.fr\/index.php\/baby-ballers-u7\/","og_locale":"fr_FR","og_type":"article","og_title":"Baby Baller U7 : \u00c9veil et Basket dans l'H\u00e9rault | Comit\u00e9 CD34","og_description":"D\u00e9couvrez les Baby Baller U7 dans l'H\u00e9rault : \u00e9veil, jeu en \u00e9quipe et initiation ludique au basketball pour les plus jeunes avec le CD34.","og_url":"https:\/\/heraultbasketball.fr\/index.php\/baby-ballers-u7\/","og_site_name":"Comit\u00e9 de l&#039;H\u00e9rault de Basketball","article_publisher":"https:\/\/www.facebook.com\/HeraultBasketball","article_modified_time":"2026-02-18T10:28:36+00:00","og_image":[{"url":"https:\/\/heraultbasketball.fr\/wp-content\/uploads\/2026\/02\/minibasket_5-694x1024.png","type":"","width":"","height":""}],"twitter_card":"summary_large_image","twitter_misc":{"Dur\u00e9e de lecture estim\u00e9e":"2 minutes"},"schema":{"@context":"https:\/\/schema.org","@graph":[{"@type":"WebPage","@id":"https:\/\/heraultbasketball.fr\/index.php\/baby-ballers-u7\/","url":"https:\/\/heraultbasketball.fr\/index.php\/baby-ballers-u7\/","name":"Baby Baller U7 : \u00c9veil et Basket dans l'H\u00e9rault | Comit\u00e9 CD34","isPartOf":{"@id":"https:\/\/heraultbasketball.fr\/#website"},"primaryImageOfPage":{"@id":"https:\/\/heraultbasketball.fr\/index.php\/baby-ballers-u7\/#primaryimage"},"image":{"@id":"https:\/\/heraultbasketball.fr\/index.php\/baby-ballers-u7\/#primaryimage"},"thumbnailUrl":"https:\/\/heraultbasketball.fr\/wp-content\/uploads\/2026\/02\/minibasket_5-694x1024.png","datePublished":"2022-08-28T14:59:37+00:00","dateModified":"2026-02-18T10:28:36+00:00","description":"D\u00e9couvrez les Baby Baller U7 dans l'H\u00e9rault : \u00e9veil, jeu en \u00e9quipe et initiation ludique au basketball pour les plus jeunes avec le CD34.","breadcrumb":{"@id":"https:\/\/heraultbasketball.fr\/index.php\/baby-ballers-u7\/#breadcrumb"},"inLanguage":"fr-FR","potentialAction":[{"@type":"ReadAction","target":["https:\/\/heraultbasketball.fr\/index.php\/baby-ballers-u7\/"]}]},{"@type":"ImageObject","inLanguage":"fr-FR","@id":"https:\/\/heraultbasketball.fr\/index.php\/baby-ballers-u7\/#primaryimage","url":"https:\/\/heraultbasketball.fr\/wp-content\/uploads\/2026\/02\/minibasket_5.png","contentUrl":"https:\/\/heraultbasketball.fr\/wp-content\/uploads\/2026\/02\/minibasket_5.png","width":1196,"height":1765,"caption":"Logo officiel Minibasket FFBB"},{"@type":"BreadcrumbList","@id":"https:\/\/heraultbasketball.fr\/index.php\/baby-ballers-u7\/#breadcrumb","itemListElement":[{"@type":"ListItem","position":1,"name":"Accueil","item":"https:\/\/heraultbasketball.fr\/"},{"@type":"ListItem","position":2,"name":"Baby Ballers U7"}]},{"@type":"WebSite","@id":"https:\/\/heraultbasketball.fr\/#website","url":"https:\/\/heraultbasketball.fr\/","name":"Comit\u00e9 de l&#039;H\u00e9rault de Basketball","description":"","publisher":{"@id":"https:\/\/heraultbasketball.fr\/#organization"},"potentialAction":[{"@type":"SearchAction","target":{"@type":"EntryPoint","urlTemplate":"https:\/\/heraultbasketball.fr\/?s={search_term_string}"},"query-input":{"@type":"PropertyValueSpecification","valueRequired":true,"valueName":"search_term_string"}}],"inLanguage":"fr-FR"},{"@type":"Organization","@id":"https:\/\/heraultbasketball.fr\/#organization","name":"Comit\u00e9 de l'H\u00e9rault de Basketball","url":"https:\/\/heraultbasketball.fr\/","logo":{"@type":"ImageObject","inLanguage":"fr-FR","@id":"https:\/\/heraultbasketball.fr\/#\/schema\/logo\/image\/","url":"https:\/\/heraultbasketball.fr\/wp-content\/uploads\/2022\/03\/Charte-graphique.png","contentUrl":"https:\/\/heraultbasketball.fr\/wp-content\/uploads\/2022\/03\/Charte-graphique.png","width":1414,"height":2000,"caption":"Comit\u00e9 de l'H\u00e9rault de Basketball"},"image":{"@id":"https:\/\/heraultbasketball.fr\/#\/schema\/logo\/image\/"},"sameAs":["https:\/\/www.facebook.com\/HeraultBasketball","https:\/\/www.instagram.com\/heraultbasketball\/"]}]}},"_links":{"self":[{"href":"https:\/\/heraultbasketball.fr\/index.php\/wp-json\/wp\/v2\/pages\/2685","targetHints":{"allow":["GET"]}}],"collection":[{"href":"https:\/\/heraultbasketball.fr\/index.php\/wp-json\/wp\/v2\/pages"}],"about":[{"href":"https:\/\/heraultbasketball.fr\/index.php\/wp-json\/wp\/v2\/types\/page"}],"author":[{"embeddable":true,"href":"https:\/\/heraultbasketball.fr\/index.php\/wp-json\/wp\/v2\/users\/1"}],"replies":[{"embeddable":true,"href":"https:\/\/heraultbasketball.fr\/index.php\/wp-json\/wp\/v2\/comments?post=2685"}],"version-history":[{"count":112,"href":"https:\/\/heraultbasketball.fr\/index.php\/wp-json\/wp\/v2\/pages\/2685\/revisions"}],"predecessor-version":[{"id":10214,"href":"https:\/\/heraultbasketball.fr\/index.php\/wp-json\/wp\/v2\/pages\/2685\/revisions\/10214"}],"wp:attachment":[{"href":"https:\/\/heraultbasketball.fr\/index.php\/wp-json\/wp\/v2\/media?parent=2685"}],"curies":[{"name":"wp","href":"https:\/\/api.w.org\/{rel}","templated":true}]}}